 of 244980490?
9
What is the thousands digit of 80906487?
6
What is the hundred millions digit of 339026611?
3
What is the ten millions digit of 91453668?
9
What is the ten thousands digit of 163215629?
1
What is the ten thousands digit of 335507414?
0
What is the millions digit of 267087514?
7
What is the hundred thousands digit of 78744643?
7
What is the ten thousands digit of 138731917?
3
What is the ten thousands digit of 115171050?
7
What is the millions digit of 4367071656?
7
What is the tens digit of 58880978?
7
What is the units digit of 302420065?
5
What is the billions digit of 2323839271?
2
What is the hundreds digit of 217888147?
1
What is the hundred thousands digit of 219031475?
0
What is the millions digit of 908499263?
8
What is the millions digit of 66889223?
6
What is the thousands digit of 2390497456?
7
What is the hundreds digit of 185937287?
2
What is the millions digit of 169670459?
9
What is the millions digit of 598443204?
8
What is the tens digit of 987267156?
5
What is the millions digit of 172083424?
2
What is the hundreds digit of 335582270?
2
What is the thousands digit of 60082056?
2
What is the thousands digit of 243239381?
9
What is the billions digit of 1977360053?
1
What is the ten millions digit of 2160070925?
6
What is the units digit of 60076624?
4
What is the hundred thousands digit of 5803321953?
3
What is the ten thousands digit of 51124493?
2
What is the hundred thousands digit of 79679122?
6
What is the units digit of 286233478?
8
What is the tens digit of 7724174?
7
What is the thousands digit of 91386567?
6
What is the tens digit of 2938723331?
3
What is the ten millions digit of 262938208?
6
What is the thousands digit of 946403278?
3
What is the hundreds digit of 557648052?
0
What is the hundred thousands digit of 2287870562?
8
What is the ten thousands digit of 474851075?
5
What is the thousands digit of 1792357284?
7
What is the hundreds digit of 367420663?
6
What is the tens digit of 892269823?
2
What is the hundreds digit of 79624674?
6
What is the tens digit of 2329001?
0
What is the millions digit of 7135157?
7
What is the ten millions digit of 552849481?
5
What is the ten millions digit of 334260612?
3
What is the tens digit of 57302651?
5
What is the thousands digit of 20235500?
5
What is the ten thousands digit of 29857079?
5
What is the ten millions digit of 100184096?
0
What is the millions digit of 764864400?
4
What is the thousands digit of 1395317?
5
What is the units digit of 10681281?
1
What is the units digit of 15414612?
2
What is the hundred thousands digit of 25042670?
0
What is the ten thousands digit of 1199065345?
6
What is the ten millions digit of 488908376?
8
What is the tens digit of 258399949?
4
What is the ten millions digit of 357367980?
5
What is the tens digit of 569682308?
0
What is the thousands digit of 112451150?
1
What is the millions digit of 100925601?
0
What is the thousands digit of 805042495?
2
What is the thousands digit of 448454237?
4
What is the millions digit of 19511862?
9
What is the ten millions digit of 98861162?
9
What is the tens digit of 96625219?
1
What is the billions digit of 2253055459?
2
What is the hundred thousands digit of 8801000289?
0
What is the thousands digit of 2783843?
3
What is the tens digit of 850796854?
5
What is the thousands digit of 63853817?
3
What is the ten thousands digit of 31091509?
9
What is the units digit of 122609000?
0
What is the ten thousands digit of 32872521?
7
What is the ten millions digit of 659858059?
5
What is the hundred thousands digit of 5942300250?
3
What is the tens digit of 1164521345?
4
What is the units digit of 102352130?
0
What is the thousands digit of 258758534?
8
What is the units digit of 440849191?
1
What is the thousands digit of 218767690?
7
What is the ten thousands digit of 205577975?
7
What is the millions digit of 1355153366?
5
What is the thousands digit of 2054842608?
2
What is the hundred millions digit of 2131629848?
1
What is the units digit of 50034123?
3
What is the hundred millions digit of 1384169822?
3
What is the units digit of 708394246?
6
What is the thousands digit of 108050265?
0
What is the tens digit of 72813523?
2
What is the thousands digit of 5358551193?
1
What is the thousands digit of 46269674?
9
What is the millions digit of 19620086?
9
What is the billions digit of 4049278624?
4
What is the hundred thousands digit of 1821224958?
2
What is the millions digit of 104517976?
4
What is the ten thousands digit of 5345613?
4
What is the hundred thousands digit of 1825092345?
0
What is the ten millions digit of 931798779?
3
What is the millions digit of 20927024?
0
What is the hundreds digit of 282468959?
9
What is the units digit of 299048238?
8
What is the ten millions digit of 118243058?
1
What is the tens digit of 37062110?
1
What is the units digit of 23754357?
7
What is the millions digit of 293184288?
3
What is the hundreds digit of 4508133420?
4
What is the hundred thousands digit of 1427521257?
5
What is the ten thousands digit of 40973558?
7
What is the hundreds digit of 27199506?
5
What is the ten millions digit of 62802278?
6
What is the hundred thousands digit of 32696158?
6
What is the ten thousands digit of 104648729?
4
What is the tens digit of 111824385?
8
What is the ten millions digit of 65897994?
6
What is the hundred thousands digit of 34574290?
5
What is the ten thousands digit of 148511318?
1
What is the ten thousands digit of 9981968?
8
What is the thousands digit of 112918277?
8
What is the hundred millions digit of 782134593?
7
What is the thousands digit of 428042660?
2
What is the hundreds digit of 77376030?
0
What is the hundreds digit of 105103310?
3
What is the tens digit of 98214465?
6
What is the thousands digit of 7600291556?
1
What is the ten millions digit of 216499322?
1
What is the ten millions digit of 23848260?
2
What is the millions digit of 182709773?
2
What is the ten thousands digit of 58984731?
8
What is the ten millions digit of 557337563?
5
What is the ten millions digit of 473899995?
7
What is the thousands digit of 64823366?
3
What is the thousands digit of 730926914?
6
What is the units digit of 2325735315?
5
What is the thousands digit of 1625975?
5
What is the ten millions digit of 110427352?
1
What is the ten millions digit of 1428529413?
2
What is the units digit of 49807966?
6
What is the units digit of 707114194?
4
What is the millions digit of 1498683255?
8
What is the tens digit of 120482880?
8
What is the ten thousands digit of 18005386?
0
What is the units digit of 112412875?
5
What is the ten thousands digit of 1395777371?
7
What is the hundred thousands digit of 2264040236?
0
What is the hundred thousands digit of 8257543517?
5
What is the tens digit of 1027029016?
1
What is the hundreds digit of 2472373?
3
What is the ten millions digit of 162783714?
6
What is the hundreds digit of 93565602?
6
What is the ten millions digit of 53524509?
5
What is the ten millions digit of 72994429?
7
What is the hundreds digit of 498280362?
3
What is the hundreds digit of 5949522988?
9
What is the hundred millions digit of 285357975?
2
What is the units digit of 75249778?
8
What is the thousands digit of 5623529?
3
What is the ten millions digit of 2310041029?
1
What is the hundred millions digit of 5252885994?
2
What is the units digit of 274605099?
9
What is the hundreds digit of 49713368?
3
What is the units digit of 2199041036?
6
What is the millions digit of 623737776?
3
What is the tens digit of 214414199?
9
What is the thousands digit of 50973984?
3
What is the millions digit of 24044345?
4
What is the millions digit of 499026960?
9
What is the ten millions digit of 1765236427?
6
What is the billions digit of 2094222447?
2
What is the hundred millions digit of 1088897364?
0
What is the millions digit of 303693568?
3
What is the hundred millions digit of 146545329?
1
What is the tens digit of 5506011843?
4
What is the hundred thousands digit of 99225998?
2
What is the tens digit of 30008306?
0
What is the millions digit of 120722287?
0
What is the tens digit of 132382274?
7
What is the hundreds digit of 532929795?
7
What is the ten thousands digit of 73607757?
0
What is the units digit of 614759128?
8
What is th